ded by 2849064.
12
What is the remainder when 16442555 is divided by 215?
0
Calculate the remainder when 6019010 is divided by 80250.
260
What is the remainder when 75567 is divided by 24071?
3354
Calculate the remainder when 7475179 is divided by 159045.
64
What is the remainder when 1656635 is divided by 15476?
703
Calculate the remainder when 805335 is divided by 366.
135
Calculate the remainder when 37824 is divided by 6277.
162
What is the remainder when 160191 is divided by 53384?
39
What is the remainder when 31054839 is divided by 13926?
13785
Calculate the remainder when 4515092 is divided by 1630.
1622
Calculate the remainder when 57249 is divided by 416.
257
Calculate the remainder when 23826624 is divided by 630.
24
Calculate the remainder when 26006 is divided by 2604.
2570
What is the remainder when 46961880 is divided by 97?
9
Calculate the remainder when 153269 is divided by 592.
533
What is the remainder when 6581482 is divided by 858?
622
What is the remainder when 5912155 is divided by 44?
7
Calculate the remainder when 252643 is divided by 275.
193
What is the remainder when 13153418 is divided by 9838?
12
What is the remainder when 86506017 is divided by 2034?
2031
What is the remainder when 3793 is divided by 1476?
841
What is the remainder when 1556816 is divided by 18?
14
What is the remainder when 291460 is divided by 20?
0
What is the remainder when 12381741 is divided by 43?
20
Calculate the remainder when 343649 is divided by 387.
380
What is the remainder when 6386223 is divided by 139?
7
What is the remainder when 331850 is divided by 110584?
98
What is the remainder when 8654007 is divided by 938?
19
Calculate the remainder when 28789 is divided by 2034.
313
What is the remainder when 17532 is divided by 4167?
864
What is the remainder when 147293 is divided by 2628?
125
Calculate the remainder when 6329761 is divided by 275207.
0
Calculate the remainder when 9998589 is divided by 20.
9
What is the remainder when 2237776 is divided by 69929?
48
Calculate the remainder when 22479 is divided by 127.
0
What is the remainder when 16937364 is divided by 2862?
48
Calculate the remainder when 209932 is divided by 221.
203
What is the remainder when 1255860 is divided by 62792?
20
Calculate the remainder when 5565340 is divided by 65474.
50
What is the remainder when 12449860 is divided by 1227?
718
What is the remainder when 855075 is divided by 855056?
19
Calculate the remainder when 185501 is divided by 79.
9
What is the remainder when 1767575 is divided by 407?
381
What is the remainder when 1730145 is divided by 865066?
13
Calculate the remainder when 393217 is divided by 98262.
169
What is the remainder when 310748 is divided by 5975?
48
What is the remainder when 1240425 is divided by 8325?
0
What is the remainder when 328995 is divided by 8408?
1083
What is the remainder when 10488054 is divided by 912?
54
Calculate the remainder when 12243501 is divided by 82.
81
What is the remainder when 6566331 is divided by 514?
495
What is the remainder when 29922310 is divided by 831175?
10
What is the remainder when 1016819 is divided by 18?
17
What is the remainder when 488659 is divided by 40717?
55
What is the remainder when 656929 is divided by 3782?
2643
What is the remainder when 3138980 is divided by 313895?
30
Calculate the remainder when 739171 is divided by 147824.
51
Calculate the remainder when 1327477 is divided by 2277.
2263
Calculate the remainder when 4623760 is divided by 92474.
60
What is the remainder when 32454443 is divided by 3498?
3497
Calculate the remainder when 118742722 is divided by 551.
18
Calculate the remainder when 74062 is divided by 189.
163
Calculate the remainder when 2583135 is divided by 10374.
9
What is the remainder when 243853 is divided by 741?
64
What is the remainder when 15729091 is divided by 39?
1
Calculate the remainder when 1379009 is divided by 212.
161
What is the remainder when 532498 is divided by 231?
43
Calculate the remainder when 292466 is divided by 73113.
14
What is the remainder when 2083404 is divided by 168?
36
Calculate the remainder when 25474864 is divided by 1918.
1906
What is the remainder when 409048 is divided by 50946?
1480
Calculate the remainder when 1754248 is divided by 350804.
228
What is the remainder when 1423177 is divided by 16?
9
What is the remainder when 115576 is divided by 57495?
586
What is the remainder when 541338 is divided by 92?
10
Calculate the remainder when 3564396 is divided by 3563649.
747
Calculate the remainder when 2152421 is divided by 4731.
4547
What is the remainder when 354891 is divided by 714?
33
What is the remainder when 11327954 is divided by 101?
97
What is the remainder when 21319 is divided by 1298?
551
What is the remainder when 269521 is divided by 89562?
835
What is the remainder when 1869411 is divided by 17471?
14
Calculate the remainder when 3822550 is divided by 394.
356
What is the remainder when 8016 is divided by 7662?
354
What is the remainder when 108838 is divided by 17932?
1246
Calculate the remainder when 44264861 is divided by 409.
18
What is the remainder when 335847 is divided by 79?
18
Calculate the remainder when 98368 is divided by 515.
3
What is the remainder when 730142 is divided by 442?
400
Calculate the remainder when 6980863 is divided by 2092.
1951
What is the remainder when 6551038 is divided by 12?
10
What is the remainder when 889842 is divided by 1229?
46
Calculate the remainder when 10412845 is divided by 496.
317
Calculate the remainder when 251725 is divided by 2116.
2037
What is the remainder when 120444 is divided by 1105?
1104
Calculate the remainder when 78571 is divided by 19532.
443
What is the remainder when 7882172 is divided by 1250?
922
What is the remainder when 915282 is divided by 65373?
60
Calculate the remainder when 186122528 is divided by 81.
80
What is the remainder when 5200666994 is divided by 199?
198
What is the remainder when 210047 is divided by 434?
425
What is the remainder when 190436 is divided by 31585?
926
Calculate the remainder when 1246762 is divided by 12987.
10
Calculate the remainder when 59806 is divided by 144.
46
What is the remainder when 484745 is divided by 414?
365
What is the remainder when 44191475 is divided by 17?
9
What is the remainder when 6042111 is divided by 41384?
47
What is the remainder when 9456404 is divided by 72?
68
What is the remainder when 1255079 is divided by 418339?
62
Calculate the remainder when 72670551 is divided by 9.
6
Calculate the remainder when 7113413 is divided by 4755.
4688
What is the remainder when 3659714 is divided by 1829852?
10
Calculate the remainder when 820139 is divided by 107.
91
Calculate the remainder when 247867 is divided by 35407.
18
Calculate the remainder when 5718020 is divided by 87.
32
Calculate the remainder when 2124986 is divided by 481.
409
Calculate the remainder when 1325955 is divided by 1154.
9
What is the remainder when 1124801481 is divided by 1807?
1805
What is the remainder when 1870732 is divided by 606?
10
What is the remainder when 35375 is divided by 2899?
587
Calculate the remainder when 22868741 is divided by 8121.
5
Calculate the remainder when 10912009 is divided by 16000.
9
Calculate the remainder when 13980128 is divided by 10.
8
Calculate the remainder when 48281 is divided by 48248.
33
Calculate the remainder when 17174 is divided by 3374.
304
Calculate the remainder when 3644877 is divided by 9.
3
Calculate the remainder when 10230300 is divided by 810.
0
Calculate the remainder when 11034199 is divided by 20.
19
Calculate the remainder when 2967907 is divided by 461.
450
What is the remainder when 205110 is divided by 98?
94
What is the remainder when 4267154 is divided by 15?
14
What is the remainder when 59800290 is divided by 7562?
7556
What is the remainder when 10272346 is divided by 318?
310
Calculate the remainder when 2578109 is divided by 64.
61
What is the remainder when 3636001 is divided by 1211965?
106
Calculate the remainder when 23088 is divided by 1246.
660
What is the remainder when 85554329 is divided by 204?
197
What is the remainder when 75531 is divided by 75?
6
What is the remainder when 258422218 is divided by 70?
68
Calculate th